{"id":150,"date":"2013-03-10T21:54:24","date_gmt":"2013-03-10T20:54:24","guid":{"rendered":"http:\/\/elytres.net\/?page_id=150"},"modified":"2025-11-14T15:17:43","modified_gmt":"2025-11-14T14:17:43","slug":"influences","status":"publish","type":"page","link":"https:\/\/elytres.net\/?page_id=150","title":{"rendered":"influences"},"content":{"rendered":"<p>Liste d&rsquo;influences, jamais finie (ordre alphab\u00e9tique) :<br \/>\nEndless list of influences (alphabetical order) :<\/p>\n<p>Aksak Maboul, Thomas Ankersmit, F\u00e9lix Arnaudin, Antonin Artaud, Art\u00fas, F\u00e9licia Atkinson, l&rsquo;Aubrac, David B., J.S. Bach, B\u00e9la Bart\u00f3k, Edmond Baudoin, Fran\u00e7ois Bayle, Beak, Francis Bebey, Prune B\u00e9cheau, Sarah Belle Reid, Ingmar Bergman, Fran\u00e7ois Bessac, Hildegard von Bingen, Biosphere, Boards of Canada, Joan Bodon, P\u00e8ire Boissi\u00e8re, Jorge Luis Borges, Perrine Bourrel, Emmanuelle Bouthillier, Nicolas Bouvier, le brame du cerf, Basile Br\u00e9maud, Monique Burg, Warren Burt, John Cage, Italo Calvino, Bruno Capelle, Ben Carey, John Cassavetes, Pascal Caumont, Jean-Pierre Cazade, David Chesworth, Michel Chion, Fran\u00e7ois Couperin, Henri Cow, Yannick Dauby, Claude Debussy, Jean-Marc Delaunay, Marcela Delpastre, Josquin Desprez, D&rsquo;incise, Double Nelson, John Dowland, Bob Drake, Drokk, Jean-Pierre Drouet, Marcel Duchamp,\u00a0 Einst\u00fcrzende Neubauten, l&rsquo;\u00e9lectricit\u00e9, Christian Eloy, Brian Eno, Mixel Etxekopar, Jean Eustache, Reiner Werner Fassbinder, Faust, Morton Feldman, Federico Fellini, Luc Ferrari, Beatriz Ferreyra, Henry Flynt, Fluxus, Bertrand Fraysse, Fred Frith, Nicolas Frize, la for\u00eat, Bernard Fort, Joan Gabinh\u00f2la, Garenne, Carlo Gesualdo, Gilles Gobeil, Gong, les grues, Guan Hu, G.R.M., Sophie Guerrive, Gueule, Werner Herzog, James Holden, Dylan James, Vladimir Jank\u00e9l\u00e9vitch, Alexandro Jodorowsky, Franz Kafka, Charlie Kerr, Kraftwerk, Stanley Kubrick, Akira Kurosawa, Fela Anikulapo Kuti, Jacques Lejeune, Clara Levy, Gy\u00f6rgy Ligeti, Alan Lomax, Francisco Lopez, Alvin Lucier, Ren\u00e9 Lussier, David Lynch, Colette Magny, Jean Malaurie, Marin Marais, Chris Marker, Nastassja Martin, Olivier Messiaen, Roxane M\u00e9tayer, Moebius, Moondog, Marc Namblard, Marie NDiaye, Nebulo, la neige, Novel Optic, L&rsquo;Ocelle Mare \/ Thomas Bonvalet, Ocora, les oiseaux, Pauline Oliveros, John Oswald, Sergue\u00ef Paradjanov, Yann Parantho\u00ebn, Bernard Parmegiani, Artavazd Pelechian, Nicolas Pene, Charles Pennequin, Georges Perec, Maurice Pialat, Planch\u00e9e, La Preyra, Jacques Puech, Pascal Quignard, \u00c9liane Radigue, Lucy Railton, Steve Reich, the Residents, Terry Riley, \u00c9ric Rohmer, Max Roqueta, Fran\u00e7ois de Roubaix, Jean Rouch, Jim O&rsquo;Rourke, \u00c9rik Satie, Alain Savouret, Scanner, Pierre Schaeffer, Denis Smalley, les sonnailles, Pierre Soulages, Karlheinz Stockhausen, Sun Ra, les synth\u00e9tiseurs, Christophe Tarkos, Andre\u00ef Tarkovski, Giuseppe Tartini, Jacques Tati, Gh\u00e9dalia Tazart\u00e8s, Serge Tcherepnine, Tellemake, Henry David Thoreau, Throbbing Gristle, Joan-Franc\u00e9s Tisn\u00e8r, David Toop, Roland Topor, John Ronald Reuel Tolkien, Marthe Tourret, Urgo Benz, Annette Vande Gorne, Agn\u00e8s Varda, Edgard Var\u00e8se, Cl\u00e9ment Vercelleto, Xavier Vidal, Knud Viktor, Violoneuses, Chris Watson, Pauline Weidmann, Keith Fullerton Whitman, Robert Wyatt, Iannis Xenakis, Neil Young, etc.<\/p>\n","protected":false},"excerpt":{"rendered":"<p>Liste d&rsquo;influences, jamais finie (ordre alphab\u00e9tique) : Endless list of influences (alphabetical order) : Aksak Maboul, Thomas Ankersmit, F\u00e9lix Arnaudin, Antonin Artaud, Art\u00fas, F\u00e9licia Atkinson, l&rsquo;Aubrac, David B., J.S. Bach, B\u00e9la Bart\u00f3k, Edmond Baudoin, Fran\u00e7ois Bayle, Beak, Francis Bebey, Prune B\u00e9cheau, Sarah Belle Reid, Ingmar Bergman, Fran\u00e7ois Bessac, Hildegard von Bingen, Biosphere, Boards of Canada, [&hellip;]<\/p>\n","protected":false},"author":1,"featured_media":0,"parent":0,"menu_order":0,"comment_status":"closed","ping_status":"open","template":"","meta":{"footnotes":""},"class_list":["post-150","page","type-page","status-publish","hentry"],"_links":{"self":[{"href":"https:\/\/elytres.net\/index.php?rest_route=\/wp\/v2\/pages\/150","targetHints":{"allow":["GET"]}}],"collection":[{"href":"https:\/\/elytres.net\/index.php?rest_route=\/wp\/v2\/pages"}],"about":[{"href":"https:\/\/elytres.net\/index.php?rest_route=\/wp\/v2\/types\/page"}],"author":[{"embeddable":true,"href":"https:\/\/elytres.net\/index.php?rest_route=\/wp\/v2\/users\/1"}],"replies":[{"embeddable":true,"href":"https:\/\/elytres.net\/index.php?rest_route=%2Fwp%2Fv2%2Fcomments&post=150"}],"version-history":[{"count":68,"href":"https:\/\/elytres.net\/index.php?rest_route=\/wp\/v2\/pages\/150\/revisions"}],"predecessor-version":[{"id":772,"href":"https:\/\/elytres.net\/index.php?rest_route=\/wp\/v2\/pages\/150\/revisions\/772"}],"wp:attachment":[{"href":"https:\/\/elytres.net\/index.php?rest_route=%2Fwp%2Fv2%2Fmedia&parent=150"}],"curies":[{"name":"wp","href":"https:\/\/api.w.org\/{rel}","templated":true}]}}