{"id":534,"date":"2021-01-04T15:58:48","date_gmt":"2021-01-04T14:58:48","guid":{"rendered":"http:\/\/elytres.net\/?page_id=534"},"modified":"2025-07-24T23:06:55","modified_gmt":"2025-07-24T21:06:55","slug":"studio-tyto-alba","status":"publish","type":"page","link":"https:\/\/elytres.net\/?page_id=534","title":{"rendered":"studio Tyto Alba"},"content":{"rendered":"\n<p>Quand je suis arriv\u00e9 \u00e0 La Craba (en 2005), la maison n&rsquo;avait pas \u00e9t\u00e9 habit\u00e9e par des humains depuis plusieurs d\u00e9cennies. Une chouette effraie y avait \u00e9lu domicile. C&rsquo;est pour la remercier d&rsquo;avoir gard\u00e9 les lieux, pour m&rsquo;excuser de l&rsquo;avoir d\u00e9log\u00e9e et par fascination pour ce rapace nocturne que j&rsquo;ai baptis\u00e9 le studio de son nom latin : Tyto Alba.<\/p>\n\n\n\n<figure class=\"wp-block-image size-full is-resized\"><a href=\"https:\/\/elytres.net\/wp-content\/uploads\/2025\/07\/tytoalba_b_0.5.jpg\"><img loading=\"lazy\" decoding=\"async\" width=\"284\" height=\"284\" src=\"https:\/\/elytres.net\/wp-content\/uploads\/2025\/07\/tytoalba_b_0.5.jpg\" alt=\"\" class=\"wp-image-719\" style=\"width:85px;height:auto\" srcset=\"https:\/\/elytres.net\/wp-content\/uploads\/2025\/07\/tytoalba_b_0.5.jpg 284w, https:\/\/elytres.net\/wp-content\/uploads\/2025\/07\/tytoalba_b_0.5-150x150.jpg 150w, https:\/\/elytres.net\/wp-content\/uploads\/2025\/07\/tytoalba_b_0.5-144x144.jpg 144w\" sizes=\"auto, (max-width: 284px) 100vw, 284px\" \/><\/a><\/figure>\n\n\n\n<p>J&rsquo;enregistre aussi d&rsquo;autres musicien\u00b7ne\u00b7s, dans le studio ou ailleurs ; jusqu&rsquo;ici dans des maisons, en plein air, dans des grottes ou des gouffres, des bergeries, des \u00e9tables, des \u00e9glises, des lavoirs, des bistrots, en pleine rue, sous des ponts, dans des ruines, dans des champs ou encore des carri\u00e8res abandonn\u00e9es \u2013 et j&rsquo;en oublie sans doute.<br><br>Voici une grande partie de cette production :<\/p>\n\n\n\n<p><strong>2025 :<\/strong><\/p>\n\n\n\n<p><iframe style=\"border: 0; width: 350px; height: 470px;\" src=\"https:\/\/bandcamp.com\/EmbeddedPlayer\/album=3868493838\/size=large\/bgcol=ffffff\/linkcol=0687f5\/tracklist=false\/transparent=true\/\" seamless=\"\"><a href=\"https:\/\/laderiveuse.bandcamp.com\/album\/dun-torrent\">D&rsquo;un torrent de La D\u00e9riveuse<\/a><\/iframe><\/p>\n\n\n\n<p><strong>2023 :<\/strong><\/p>\n\n\n\n<p><iframe style=\"border: 0; width: 350px; height: 470px;\" src=\"https:\/\/bandcamp.com\/EmbeddedPlayer\/album=140948921\/size=large\/bgcol=ffffff\/linkcol=0687f5\/tracklist=false\/transparent=true\/\" seamless=\"\"><a href=\"https:\/\/la-novia.bandcamp.com\/album\/basile-br-maud-solo\">Basile Br\u00e9maud Solo de La N\u00f2via<\/a><\/iframe><\/p>\n\n\n\n<p><iframe style=\"border: 0; width: 350px; height: 470px;\" src=\"https:\/\/bandcamp.com\/EmbeddedPlayer\/album=2764117782\/size=large\/bgcol=ffffff\/linkcol=0687f5\/tracklist=false\/transparent=true\/\" seamless=\"\"><a href=\"https:\/\/aigademarc.bandcamp.com\/album\/faures\">Faures de Aiga de Mar\u00e7<\/a><\/iframe><\/p>\n\n\n\n<p><strong>2021 :<\/strong><\/p>\n\n\n\n<p><iframe style=\"border: 0; width: 350px; height: 470px;\" src=\"https:\/\/bandcamp.com\/EmbeddedPlayer\/album=56448108\/size=large\/bgcol=ffffff\/linkcol=0687f5\/tracklist=false\/transparent=true\/\" seamless=\"\"><a href=\"https:\/\/lagranja.bandcamp.com\/album\/rondes-dan-as-redondas\">Rondes, Dan\u00e7as Redondas by La Granja<\/a><\/iframe><\/p>\n\n\n\n<p><iframe style=\"border: 0; width: 350px; height: 470px;\" src=\"https:\/\/bandcamp.com\/EmbeddedPlayer\/album=3808147844\/size=large\/bgcol=ffffff\/linkcol=0687f5\/tracklist=false\/transparent=true\/\" seamless=\"\"><a href=\"https:\/\/aedesduo.bandcamp.com\/album\/camin-sobiran\">Camin Sobiran by A\u00e8des<\/a><\/iframe><\/p>\n\n\n\n<p><iframe style=\"border: 0; width: 350px; height: 470px;\" src=\"https:\/\/bandcamp.com\/EmbeddedPlayer\/album=2908007883\/size=large\/bgcol=ffffff\/linkcol=0687f5\/tracklist=false\/transparent=true\/\" seamless=\"\"><a href=\"https:\/\/pagans.bandcamp.com\/album\/camins-de-biais\">Camins de Biais by Xavier Vidal<\/a><\/iframe><\/p>\n\n\n\n<p><iframe style=\"border: 0; width: 350px; height: 470px;\" src=\"https:\/\/bandcamp.com\/EmbeddedPlayer\/album=588407443\/size=large\/bgcol=ffffff\/linkcol=0687f5\/tracklist=false\/transparent=true\/\" seamless=\"\"><a href=\"https:\/\/bourrasque.bandcamp.com\/album\/rampoux\">Rampoux by Bourrasque<\/a><\/iframe><\/p>\n\n\n\n<p><strong>2020 :<\/strong><\/p>\n\n\n\n<p><iframe style=\"border: 0; width: 350px; height: 470px;\" src=\"https:\/\/bandcamp.com\/EmbeddedPlayer\/album=3930628822\/size=large\/bgcol=ffffff\/linkcol=0687f5\/tracklist=false\/transparent=true\/\" seamless=\"\"><a href=\"https:\/\/lesbrayauds.bandcamp.com\/album\/phon-me\">Phon\u00e8me de Jean Bouteloup, Emma Cousteix, Amandine Pauvert<\/a><\/iframe><\/p>\n\n\n\n<p><iframe style=\"border: 0; width: 350px; height: 470px;\" src=\"https:\/\/bandcamp.com\/EmbeddedPlayer\/album=775206588\/size=large\/bgcol=ffffff\/linkcol=0687f5\/tracklist=false\/transparent=true\/\" seamless=\"\"><a href=\"https:\/\/pagans.bandcamp.com\/album\/or-os\">OR | OS by La Preyra<\/a><\/iframe><\/p>\n\n\n\n<p><iframe style=\"border: 0; width: 350px; height: 470px;\" src=\"https:\/\/bandcamp.com\/EmbeddedPlayer\/album=4232357382\/size=large\/bgcol=ffffff\/linkcol=0687f5\/tracklist=false\/transparent=true\/\" seamless=\"\"><a href=\"https:\/\/maralha.bandcamp.com\/album\/maralha\">Maralha by Maralha<\/a><\/iframe><\/p>\n\n\n\n<p><strong>2019 :<\/strong><\/p>\n\n\n\n<p><iframe style=\"border: 0; width: 350px; height: 470px;\" src=\"https:\/\/bandcamp.com\/EmbeddedPlayer\/album=2937006931\/size=large\/bgcol=ffffff\/linkcol=0687f5\/tracklist=false\/transparent=true\/\" seamless=\"\"><a href=\"http:\/\/pagans.bandcamp.com\/album\/de-tot-un-pauc\">De Tot Un Pauc by P\u00e8ire Boissi\u00e8ra<\/a><\/iframe><\/p>\n\n\n\n<p><iframe style=\"border: 0; width: 350px; height: 470px;\" src=\"https:\/\/bandcamp.com\/EmbeddedPlayer\/album=298221877\/size=large\/bgcol=ffffff\/linkcol=0687f5\/tracklist=false\/transparent=true\/\" seamless=\"\"><a href=\"http:\/\/pagans.bandcamp.com\/album\/les-poufs-cordes\">Les Poufs \u00e0 Cordes by Les Poufs \u00e0 Cordes<\/a><\/iframe><\/p>\n\n\n\n<p><strong>2018 :<\/strong><\/p>\n\n\n\n<p><iframe style=\"border: 0; width: 350px; height: 470px;\" src=\"https:\/\/bandcamp.com\/EmbeddedPlayer\/album=712582121\/size=large\/bgcol=ffffff\/linkcol=0687f5\/tracklist=false\/transparent=true\/\" seamless=\"\"><a href=\"http:\/\/bourrasque.bandcamp.com\/album\/bourrasque\">Bourrasque by Bourrasque<\/a><\/iframe><\/p>\n","protected":false},"excerpt":{"rendered":"<p>Quand je suis arriv\u00e9 \u00e0 La Craba (en 2005), la maison n&rsquo;avait pas \u00e9t\u00e9 habit\u00e9e par des humains depuis plusieurs d\u00e9cennies. Une chouette effraie y avait \u00e9lu domicile. C&rsquo;est pour la remercier d&rsquo;avoir gard\u00e9 les lieux, pour m&rsquo;excuser de l&rsquo;avoir d\u00e9log\u00e9e et par fascination pour ce rapace nocturne que j&rsquo;ai baptis\u00e9 le studio de son [&hellip;]<\/p>\n","protected":false},"author":1,"featured_media":0,"parent":0,"menu_order":0,"comment_status":"closed","ping_status":"closed","template":"","meta":{"footnotes":""},"class_list":["post-534","page","type-page","status-publish","hentry"],"_links":{"self":[{"href":"https:\/\/elytres.net\/index.php?rest_route=\/wp\/v2\/pages\/534","targetHints":{"allow":["GET"]}}],"collection":[{"href":"https:\/\/elytres.net\/index.php?rest_route=\/wp\/v2\/pages"}],"about":[{"href":"https:\/\/elytres.net\/index.php?rest_route=\/wp\/v2\/types\/page"}],"author":[{"embeddable":true,"href":"https:\/\/elytres.net\/index.php?rest_route=\/wp\/v2\/users\/1"}],"replies":[{"embeddable":true,"href":"https:\/\/elytres.net\/index.php?rest_route=%2Fwp%2Fv2%2Fcomments&post=534"}],"version-history":[{"count":33,"href":"https:\/\/elytres.net\/index.php?rest_route=\/wp\/v2\/pages\/534\/revisions"}],"predecessor-version":[{"id":748,"href":"https:\/\/elytres.net\/index.php?rest_route=\/wp\/v2\/pages\/534\/revisions\/748"}],"wp:attachment":[{"href":"https:\/\/elytres.net\/index.php?rest_route=%2Fwp%2Fv2%2Fmedia&parent=534"}],"curies":[{"name":"wp","href":"https:\/\/api.w.org\/{rel}","templated":true}]}}

<p>Quand je suis arrivé à La Craba (en 2005), la maison n&rsquo;avait pas été habitée par des humains depuis plusieurs décennies. Une chouette effraie y avait élu domicile. C&rsquo;est pour la remercier d&rsquo;avoir gardé les lieux, pour m&rsquo;excuser de l&rsquo;avoir délogée et par fascination pour ce rapace nocturne que j&rsquo;ai baptisé le studio de son nom latin : Tyto Alba.</p>



<figure class="wp-block-image size-full is-resized"><a href="https://elytres.net/wp-content/uploads/2025/07/tytoalba_b_0.5.jpg"><img loading="lazy" decoding="async" width="284" height="284" src="https://elytres.net/wp-content/uploads/2025/07/tytoalba_b_0.5.jpg" alt="" class="wp-image-719" style="width:85px;height:auto" srcset="https://elytres.net/wp-content/uploads/2025/07/tytoalba_b_0.5.jpg 284w, https://elytres.net/wp-content/uploads/2025/07/tytoalba_b_0.5-150x150.jpg 150w, https://elytres.net/wp-content/uploads/2025/07/tytoalba_b_0.5-144x144.jpg 144w" sizes="auto, (max-width: 284px) 100vw, 284px" /></a></figure>



<p>J&rsquo;enregistre aussi d&rsquo;autres musicien·ne·s, dans le studio ou ailleurs ; jusqu&rsquo;ici dans des maisons, en plein air, dans des grottes ou des gouffres, des bergeries, des étables, des églises, des lavoirs, des bistrots, en pleine rue, sous des ponts, dans des ruines, dans des champs ou encore des carrières abandonnées – et j&rsquo;en oublie sans doute.<br><br>Voici une grande partie de cette production :</p>



<p><strong>2025 :</strong></p>



<p><iframe style="border: 0; width: 350px; height: 470px;" src="https://bandcamp.com/EmbeddedPlayer/album=3868493838/size=large/bgcol=ffffff/linkcol=0687f5/tracklist=false/transparent=true/" seamless=""><a href="https://laderiveuse.bandcamp.com/album/dun-torrent">D&rsquo;un torrent de La Dériveuse</a></iframe></p>



<p><strong>2023 :</strong></p>



<p><iframe style="border: 0; width: 350px; height: 470px;" src="https://bandcamp.com/EmbeddedPlayer/album=140948921/size=large/bgcol=ffffff/linkcol=0687f5/tracklist=false/transparent=true/" seamless=""><a href="https://la-novia.bandcamp.com/album/basile-br-maud-solo">Basile Brémaud Solo de La Nòvia</a></iframe></p>



<p><iframe style="border: 0; width: 350px; height: 470px;" src="https://bandcamp.com/EmbeddedPlayer/album=2764117782/size=large/bgcol=ffffff/linkcol=0687f5/tracklist=false/transparent=true/" seamless=""><a href="https://aigademarc.bandcamp.com/album/faures">Faures de Aiga de Març</a></iframe></p>



<p><strong>2021 :</strong></p>



<p><iframe style="border: 0; width: 350px; height: 470px;" src="https://bandcamp.com/EmbeddedPlayer/album=56448108/size=large/bgcol=ffffff/linkcol=0687f5/tracklist=false/transparent=true/" seamless=""><a href="https://lagranja.bandcamp.com/album/rondes-dan-as-redondas">Rondes, Danças Redondas by La Granja</a></iframe></p>



<p><iframe style="border: 0; width: 350px; height: 470px;" src="https://bandcamp.com/EmbeddedPlayer/album=3808147844/size=large/bgcol=ffffff/linkcol=0687f5/tracklist=false/transparent=true/" seamless=""><a href="https://aedesduo.bandcamp.com/album/camin-sobiran">Camin Sobiran by Aèdes</a></iframe></p>



<p><iframe style="border: 0; width: 350px; height: 470px;" src="https://bandcamp.com/EmbeddedPlayer/album=2908007883/size=large/bgcol=ffffff/linkcol=0687f5/tracklist=false/transparent=true/" seamless=""><a href="https://pagans.bandcamp.com/album/camins-de-biais">Camins de Biais by Xavier Vidal</a></iframe></p>



<p><iframe style="border: 0; width: 350px; height: 470px;" src="https://bandcamp.com/EmbeddedPlayer/album=588407443/size=large/bgcol=ffffff/linkcol=0687f5/tracklist=false/transparent=true/" seamless=""><a href="https://bourrasque.bandcamp.com/album/rampoux">Rampoux by Bourrasque</a></iframe></p>



<p><strong>2020 :</strong></p>



<p><iframe style="border: 0; width: 350px; height: 470px;" src="https://bandcamp.com/EmbeddedPlayer/album=3930628822/size=large/bgcol=ffffff/linkcol=0687f5/tracklist=false/transparent=true/" seamless=""><a href="https://lesbrayauds.bandcamp.com/album/phon-me">Phonème de Jean Bouteloup, Emma Cousteix, Amandine Pauvert</a></iframe></p>



<p><iframe style="border: 0; width: 350px; height: 470px;" src="https://bandcamp.com/EmbeddedPlayer/album=775206588/size=large/bgcol=ffffff/linkcol=0687f5/tracklist=false/transparent=true/" seamless=""><a href="https://pagans.bandcamp.com/album/or-os">OR | OS by La Preyra</a></iframe></p>



<p><iframe style="border: 0; width: 350px; height: 470px;" src="https://bandcamp.com/EmbeddedPlayer/album=4232357382/size=large/bgcol=ffffff/linkcol=0687f5/tracklist=false/transparent=true/" seamless=""><a href="https://maralha.bandcamp.com/album/maralha">Maralha by Maralha</a></iframe></p>



<p><strong>2019 :</strong></p>



<p><iframe style="border: 0; width: 350px; height: 470px;" src="https://bandcamp.com/EmbeddedPlayer/album=2937006931/size=large/bgcol=ffffff/linkcol=0687f5/tracklist=false/transparent=true/" seamless=""><a href="http://pagans.bandcamp.com/album/de-tot-un-pauc">De Tot Un Pauc by Pèire Boissièra</a></iframe></p>



<p><iframe style="border: 0; width: 350px; height: 470px;" src="https://bandcamp.com/EmbeddedPlayer/album=298221877/size=large/bgcol=ffffff/linkcol=0687f5/tracklist=false/transparent=true/" seamless=""><a href="http://pagans.bandcamp.com/album/les-poufs-cordes">Les Poufs à Cordes by Les Poufs à Cordes</a></iframe></p>



<p><strong>2018 :</strong></p>



<p><iframe style="border: 0; width: 350px; height: 470px;" src="https://bandcamp.com/EmbeddedPlayer/album=712582121/size=large/bgcol=ffffff/linkcol=0687f5/tracklist=false/transparent=true/" seamless=""><a href="http://bourrasque.bandcamp.com/album/bourrasque">Bourrasque by Bourrasque</a></iframe></p>

<p>Quand je suis arrivé à La Craba (en 2005), la maison n&rsquo;avait pas été habitée par des humains depuis plusieurs décennies. Une chouette effraie y avait élu domicile. C&rsquo;est pour la remercier d&rsquo;avoir gardé les lieux, pour m&rsquo;excuser de l&rsquo;avoir délogée et par fascination pour ce rapace nocturne que j&rsquo;ai baptisé le studio de son [&hellip;]</p>
